he hundreds digit of g?
1
Let k(l) = -15*l**2 + l + 25. Let u(g) = 7*g**2 - 12. Let y(q) = -6*k(q) - 13*u(q). Let b be y(-6). What is the units digit of (1 - b)*(-3 - -2)?
5
Suppose 3*l - 3*i = 198, 4*l - 118 = 2*l - 5*i. What is the units digit of l?
4
Let r = 10 + -5. Suppose 0 = -r*j + g + 46, 0*g - 8 = -2*j + 3*g. What is the tens digit of j?
1
Suppose 0 = 20*z - 628 - 4752. What is the units digit of z?
9
Let m be 1/4 - 84/(-48). Suppose -3*j - 5*n = 2*j - 250, 0 = -2*n + m. What is the units digit of j?
9
Suppose -5*m + 15 = -2*m. Suppose -3*a + 2*b - 14 = -8*a, 2*a + 7 = -m*b. Suppose 5*y - 11 = 4*x, -a*y + y = 4*x - 13. What is the units digit of x?
1
Suppose 5*k = 5*u + 255, 5*k - u - u = 252. What is the tens digit of k?
5
Let r(s) = 2*s**2 + 19*s + 15. What is the hundreds digit of r(-14)?
1
Let q(w) = -w**3 + 6*w**2 - 6*w + 7. Let a be q(5). Suppose a*d + 6 = 5*d. Suppose l = x - 2, -x + 2*l = -d + 3. What is the units digit of x?
5
Suppose -5*d = 14 + 21. What is the units digit of 37/2 + d/14?
8
Let a be 196/12 - (-2)/(-6). Suppose 14 = -2*z - 0*z - 4*j, 4*j + a = 0. Suppose -5*p + 8*p + z = -4*l, 3*p = 2*l + 23. What is the units digit of p?
5
Suppose 5*r + 4*f - 3*f - 74 = 0, -5*f = 3*r - 40. What is the tens digit of r?
1
Let a be 12/(-1) - (1 + 0). Let x = a + 21. What is the units digit of x?
8
Let g = -307 - -434. What is the hundreds digit of g?
1
Suppose -4*r - 2 = 22. Suppose -28 = -2*c - 4. Let y = r + c. What is the units digit of y?
6
Let w(g) be the second derivative of -g**5/20 + 7*g**4/12 - g**3/6 + 7*g**2 + 9*g. What is the tens digit of w(6)?
4
Suppose 0 = -2*u - c + 11, 0*c = 2*u + 3*c - 1. Suppose 4*x + 5*g + u = 0, -3*g + 6*g + 12 = 0. Suppose x + 1 = 2*b. What is the units digit of b?
2
Let i(z) = -z**3 + 5*z**2 + 6*z - 2. Let j be i(6). What is the units digit of -4*j/4 + 5?
7
Let w(o) = -6*o - 7. Let h(x) = 5*x + 6. Let r(q) = 5*h(q) + 4*w(q). Let j be (4/(-6))/(2/(-21)). What is the units digit of r(j)?
9
Let o(x) = x - 2. Let g be o(2). Let z(w) = 8 - 8*w + 0*w - w + w**2 + g*w. What is the units digit of z(9)?
8
Suppose 3*t + 3 = -0*t. Suppose 0*s - 10 = 5*s. Let p = t - s. What is the units digit of p?
1
Let k = -1 + -5. Let c be (k/8)/((-2)/8). Suppose -c*t + 2*t = -12. What is the tens digit of t?
1
Suppose -2*q + w = -55, 4*q + w - 61 = 34. Suppose -b + q = -6*b. Let z(p) = -2*p - 6. What is the units digit of z(b)?
4
Suppose 0*y - y - 71 = 0. Let g = -43 - y. Suppose 0 = v + 2*v + p - 20, -5*v = 3*p - g. What is the units digit of v?
8
Suppose -674 + 229 = -5*a. What is the units digit of a?
9
Let s(m) = -m**3 + 6*m**2 + 6*m - 8. Suppose 0 = -3*d - 2*d + 30. Let q be s(d). Suppose 0 = 4*n - q. What is the units digit of n?
7
Let r = 4 - 1. What is the units digit of ((-1)/r)/(6/(-450))?
5
Suppose -5*i + 3*i = -8. Let v be (-1)/(1/(i*-1)). Suppose -2*r + 5*r = -c - 13, v*c + 5*r = -17. What is the units digit of c?
2
Suppose 5*a - 15 = 2*a. Suppose 33 = a*u - 32. What is the units digit of u?
3
Let u(v) = 160*v + 12. What is the units digit of u(1)?
2
What is the tens digit of (-4)/(-3) + (-774)/(-27)?
3
Let z be ((-22)/3)/(4/(-6)). Let b = z + 10. What is the tens digit of b?
2
Let v = 5 + 0. Suppose -k + 7 = 3*q, 5*q = -v*k + 2*q + 35. What is the units digit of k?
7
Let c = 4 + -1. What is the units digit of -1 - (-2*1 - c)?
4
Let a(s) = -7*s + 2. Let p be a(1). Let m(t) = -t**3 - 5*t**2 - 6*t - 4. What is the tens digit of m(p)?
2
Suppose -5*z + 27 = -r, -r + 5*z - 29 = r. Let f(m) = -3*m. Let u be f(r). Suppose u*p - 2*p = 32. What is the units digit of p?
8
Suppose 4*i - 283 = i - 4*w, w = -5*i + 449. What is the tens digit of i?
8
Suppose 4*z - 1 = 3*p + 12, 4*z - 19 = -3*p. Let n be -1*(-15)/2*2. Suppose -3*c = -z*c + n. What is the tens digit of c?
1
Let u be (-14)/(-4) + (-2)/4. Let q(h) = 4*h**2 + 5 - 3*h**3 + 4*h**u - 8. What is the units digit of q(-3)?
6
Let p = -2 - 6. Let l = -6 - p. Suppose -5*m + l*k + 55 = 0, -2*m + 8 = -0*m + 2*k. What is the units digit of m?
9
Let z(o) be the second derivative of o**3/6 - o**2/2 - 5*o. What is the units digit of z(5)?
4
Let k be 1 + -2 - 0 - -1. Suppose 4*p - 2 = 2*m - 0, k = -3*m + 2*p - 3. Let x = m - -2. What is the units digit of x?
1
What is the tens digit of 28 + -1 + 3 + -3?
2
Let u = -35 - -69. What is the tens digit of u?
3
Suppose 7*n - 60 = 4*n - 2*m, -2*n - 2*m = -40. Suppose -4*k = k + n. What is the units digit of 6*-2*1/k?
3
Let z = 85 - 30. What is the tens digit of z?
5
Let n = 53 + 16. What is the units digit of n?
9
Let m = -2 + 5. What is the units digit of m?
3
What is the tens digit of ((-64)/(-2))/(3*2/45)?
4
Let r = 23 + 0. What is the tens digit of r?
2
Suppose 0 = -w + 7 - 29. Let p = 95 + w. Suppose m - p = -5*c, 4*c + 3*m = m + 56. What is the units digit of c?
5
Let n(z) = 66*z. Let w be n(-9). What is the units digit of w/(-15) + (-3)/5?
9
Let h = -2 - -2. Suppose h = -5*k + s + 77 + 78, 4*s + 124 = 4*k. What is the units digit of k?
1
Let w = -3 - -7. Suppose w*l - v + 6*v = -12, -3*v - 12 = 3*l. What is the units digit of 2/(4/(-1))*l?
4
Let v = 33 - 16. Let t = v + 33. What is the tens digit of t?
5
What is the tens digit of (9/6)/((-9)/(-60))?
1
Let h(k) = k**2 + 4*k - 5. Let z be h(-5). Suppose -8*y + 76 = -4*y. Suppose i - o - y = 0, z*o = 4*i + o - 56. What is the units digit of i?
5
Let l(y) = 43*y + 1. What is the tens digit of l(2)?
8
Suppose 0 = -9*l + 254 + 1069. What is the units digit of l?
7
Suppose 2*x - o - 269 = 2*o, 3*x + 4*o - 446 = 0. What is the hundreds digit of x?
1
Let w be 2/1*(-10)/(-4). Suppose 3*i - 16 = -i. Suppose 3*z - i*z - 16 = -w*d, -4*z + 32 = 4*d. What is the units digit of z?
4
What is the hundreds digit of (2 + (2 - 3))*(1 - -130)?
1
Let u(t) be the third derivative of t**6/120 + 7*t**5/60 + t**4/4 + t**3/2 - 2*t**2. What is the units digit of u(-6)?
3
Let i be 387/9 - -1*1. Suppose -2*t = -0*t - i. What is the units digit of t?
2
Suppose -2*o + 3*f + 62 = 0, 3*o - 115 = -3*f - 22. What is the units digit of o?
1
Suppose 4*i - 89 = -17. Suppose -5*r + l - 19 = -3, -4*r - 5*l = 36. What is the units digit of 775/45 + r/i?
7
Suppose -2*i = -3*f - 3*i + 1041, 3*i = 9. What is the tens digit of f?
4
Let t = 16 + -9. Suppose -4*z + t - 1 = -5*f, 3*z - 10 = f. What is the units digit of f + (1 - (-14)/2)?
0
Let x(k) = -k**2 - 16*k + 6. Let z be x(-8). Suppose 0 = -0*p - 2*p + z. Suppose 2*w = -5*j - 2*w + p, 0 = 2*j + 4*w - 2. What is the units digit of j?
1
Suppose 3 - 1 = -g. Let t = 2 - 1. What is the tens digit of 10*t/(-2)*g?
1
Let d be ((-466)/(-12))/(6/36). Suppose -2*s + z = -6*s + 189, 5*s - 2*z - d = 0. What is the units digit of s?
7
Let k = 206 - 201. What is the units digit of k?
5
Let b(i) = 2*i**2 + i - 6. What is the units digit of b(-3)?
9
What is the units digit of (21/12)/(-4 - 132/(-32))?
4
Suppose 3 = 4*s - 1. Let o be (s/2)/((-3)/(-18)). Suppose -f + 18 = 3*y + o*f, 5*f + 15 = 0. What is the tens digit of y?
1
Suppose 0 = 2*p + 2*p + x - 55, -5*p - 2*x = -71. Suppose 51 = 3*h - 3. Let l = h - p. What is the units digit of l?
5
Let h(d) = -3*d - 5. Let k(s) = -s - 1. Let m be k(5). What is the units digit of h(m)?
3
Suppose 4 + 26 = 5*y. What is the units digit of y?
6
Let o(j) = 4*j**3 - 2*j**2 - j + 2. Let s be o(-2). Let d = s - -50. What is the units digit of d?
4
Let f = 7 - -13. Suppose f = 3*c + c. What is the units digit of c?
5
Let j = 2 + 3. Suppose -2*h + 3*i - 19 = -3, 2*h + j*i = 0. What is the units digit of h/(-1)*4/10?
2
Let l = -125 - -180. What is the tens digit of l?
5
Suppose -a + 3*a + 4 = 0. Suppose -3*s = 5*m + s - 53, 0 = 4*s + 12. Let j = a + m. What is the tens digit of j?
1
Let l be 74/(-4) + (-2)/(-4). What is the units digit of l/8*120/(-5)?
4
Let f = -3 - -3. Suppose -2*v = -3*r + 3, 0*r = 3*v + 2*r - 15. Suppose -v = -f*i - 3*i. What is the units digit of i?
1
Suppose 0 = -t + 6*t + 5, -103 = -3*r + 4*t. What is the units digit of r?
3
Let d(g) = -g**3 - 5*g**2 + 5*g + 6. Let j be (-45)/(-10)*(-8)/6. What is the units digit of d(j)?
2
Let u be (-5 + 3)/((-2)/40). Let b be (12/10)/(2/u). Suppose -5*h = -3*f + b, f + f - 5*h = 21. What is the units digit of f?
3
Suppose -2*i + 10 = 2*q, -5*q + 2*i = -3 - 1. Let n = 0 + q. What is